{"id":284,"date":"2021-07-01T14:02:39","date_gmt":"2021-07-01T14:02:39","guid":{"rendered":"https:\/\/sachikofullita.com\/?page_id=284"},"modified":"2025-08-06T12:00:45","modified_gmt":"2025-08-06T12:00:45","slug":"danzando-en-el-vacio-2","status":"publish","type":"page","link":"https:\/\/sachikofullita.com\/?page_id=284","title":{"rendered":"Sanar Danzando"},"content":{"rendered":"<p>[et_pb_section fb_built=\u00bb1&#8243; _builder_version=\u00bb4.16&#8243; custom_padding=\u00bb21px|0px|110px|||\u00bb global_colors_info=\u00bb{}\u00bb][et_pb_row _builder_version=\u00bb4.18.0&#8243; _module_preset=\u00bbdefault\u00bb width=\u00bb58.7%\u00bb custom_margin=\u00bb|515px||91px||\u00bb custom_padding=\u00bb|0px||||\u00bb global_colors_info=\u00bb{}\u00bb][et_pb_column type=\u00bb4_4&#8243; _builder_version=\u00bb4.18.0&#8243; _module_preset=\u00bbdefault\u00bb global_colors_info=\u00bb{}\u00bb][\/et_pb_column][\/et_pb_row][\/et_pb_section][et_pb_section fb_built=\u00bb1&#8243; _builder_version=\u00bb4.18.0&#8243; _module_preset=\u00bbdefault\u00bb global_colors_info=\u00bb{}\u00bb][et_pb_row column_structure=\u00bb1_2,1_2&#8243; _builder_version=\u00bb4.18.0&#8243; _module_preset=\u00bbdefault\u00bb global_colors_info=\u00bb{}\u00bb][et_pb_column type=\u00bb1_2&#8243; _builder_version=\u00bb4.18.0&#8243; _module_preset=\u00bbdefault\u00bb global_colors_info=\u00bb{}\u00bb][et_pb_video src=\u00bbhttps:\/\/sachikofullita.com\/wp-content\/uploads\/2025\/08\/SANAR-DANZANDO-flyer-agosto-1.mp4&#8243; _builder_version=\u00bb4.18.0&#8243; _module_preset=\u00bbdefault\u00bb global_colors_info=\u00bb{}\u00bb][\/et_pb_video][\/et_pb_column][et_pb_column type=\u00bb1_2&#8243; _builder_version=\u00bb4.18.0&#8243; _module_preset=\u00bbdefault\u00bb global_colors_info=\u00bb{}\u00bb][et_pb_text _builder_version=\u00bb4.18.0&#8243; _module_preset=\u00bbdefault\u00bb global_colors_info=\u00bb{}\u00bb]<\/p>\n<div class=\"gmail_default\">\n<h3><strong>SANAR DANZANDO\u00a0<\/strong><\/h3>\n<p>DANZA \u2013 RESPIRACI\u00d3N CONSCIENTE &#8211;\u00a0 MOVIMIENTO &#8211;\u00a0 BIOENERG\u00c9TICA &#8211; ATENCI\u00d3N PLENA<\/p>\n<div dir=\"auto\"><span class=\"OYPEnA font-feature-liga-off font-feature-clig-off font-feature-calt-off text-decoration-none text-strikethrough-none\">En estas sesiones te invito a conectar con tu energ\u00eda creativa.<\/span><span class=\"OYPEnA font-feature-liga-off font-feature-clig-off font-feature-calt-off text-decoration-none text-strikethrough-none white-space-prewrap\"> <\/span><span class=\"OYPEnA font-feature-liga-off font-feature-clig-off font-feature-calt-off text-decoration-none text-strikethrough-none\">A trav\u00e9s de ejercicios de la bioenerg\u00e9tica, la respiraci\u00f3n consciente, el masaje, el movimiento, la danza y la atenci\u00f3n plena, tanto de manera individual como colectivamente vamos a ayudar al cuerpo a liberarse de cargas para que puedas volver a sintonizar con tu esencia intuitiva, creatividad y expresi\u00f3n.<\/span><\/div>\n<div dir=\"auto\"><\/div>\n<div dir=\"auto\">No requiere experiencia.<\/div>\n<div dir=\"auto\"><\/div>\n<div dir=\"auto\">Pr\u00f3xima sesi\u00f3n &#8211; CUERPO FRACTAL<\/div>\n<div dir=\"auto\">\n<p>Nuestro cuerpo, as\u00ed como todos los elementos que componen nuestro planeta, se organiza a partir de patrones ondulatorios, curvos, el\u00edpticos o helicoidales.\u00a0Nuestro cuerpo es un<span>\u00a0<\/span><span class=\"il\">fractal<\/span><span>\u00a0<\/span>de este orden natural. Exploraremos el movimiento aline\u00e1ndonos a nuestra naturaleza, armonizando cuerpo, energ\u00eda y mente.<\/p>\n<\/div>\n<div dir=\"auto\"><\/div>\n<div dir=\"auto\"><strong>Cu\u00e1ndo:<\/strong><\/div>\n<div dir=\"auto\">Martes 19 &#8211; Cuerpo fractal<\/div>\n<div dir=\"auto\">De 19 a 21:30h<\/div>\n<div dir=\"auto\"><\/div>\n<div dir=\"auto\"><strong>Lugar:<\/strong> ENEstudio BCN, passatge\u00a0 de Sant Antoni Abad, 11\u00a0 Barcelona 08015\u00a0 metro: Sant Antoni\/ Urgell<\/div>\n<div dir=\"auto\"><strong>Precio: 35<\/strong>\u20ac early bird: 30\u20ac (hasta el 9\/08)<\/div>\n<div dir=\"auto\">Reserva tu plaza ingresando 20 \u20ac<\/div>\n<div dir=\"auto\"><strong>en <\/strong><strong>Cuenta Triodos Bank: <\/strong>ES0314910001293000114405 o<\/div>\n<div dir=\"auto\"><span style=\"text-decoration: underline;\"><strong>Bizum<\/strong><\/span> al 663732978<\/div>\n<p><strong>M\u00e1s informaci\u00f3n e inscripciones:<\/strong> sachikofullita@gmail.com \/\/\/\u00a0 Whatsapp\/ Telegram +34 663732978<\/p>\n<p>Con muchas ganas de seguir compartiendo libertad a trav\u00e9s del movmiento!!!<\/p>\n<\/div>\n<div class=\"gmail_default\"><\/div>\n<div class=\"gmail_default\"><\/div>\n<p>[\/et_pb_text][\/et_pb_column][\/et_pb_row][\/et_pb_section][et_pb_section fb_built=\u00bb1&#8243; _builder_version=\u00bb4.18.0&#8243; _module_preset=\u00bbdefault\u00bb global_colors_info=\u00bb{}\u00bb][et_pb_row _builder_version=\u00bb4.18.0&#8243; _module_preset=\u00bbdefault\u00bb global_colors_info=\u00bb{}\u00bb][et_pb_column type=\u00bb4_4&#8243; _builder_version=\u00bb4.18.0&#8243; _module_preset=\u00bbdefault\u00bb global_colors_info=\u00bb{}\u00bb][\/et_pb_column][\/et_pb_row][\/et_pb_section]<\/p>\n","protected":false},"excerpt":{"rendered":"<p>SANAR DANZANDO\u00a0 DANZA \u2013 RESPIRACI\u00d3N CONSCIENTE &#8211;\u00a0 MOVIMIENTO &#8211;\u00a0 BIOENERG\u00c9TICA &#8211; ATENCI\u00d3N PLENA En estas sesiones te invito a conectar con tu energ\u00eda creativa. A trav\u00e9s de ejercicios de la bioenerg\u00e9tica, la respiraci\u00f3n consciente, el masaje, el movimiento, la danza y la atenci\u00f3n plena, tanto de manera individual como colectivamente vamos a ayudar al cuerpo [&hellip;]<\/p>\n","protected":false},"author":1,"featured_media":0,"parent":0,"menu_order":0,"comment_status":"closed","ping_status":"closed","template":"","meta":{"_et_pb_use_builder":"on","_et_pb_old_content":"","_et_gb_content_width":"","footnotes":""},"class_list":["post-284","page","type-page","status-publish","hentry"],"jetpack_sharing_enabled":true,"_links":{"self":[{"href":"https:\/\/sachikofullita.com\/index.php?rest_route=\/wp\/v2\/pages\/284","targetHints":{"allow":["GET"]}}],"collection":[{"href":"https:\/\/sachikofullita.com\/index.php?rest_route=\/wp\/v2\/pages"}],"about":[{"href":"https:\/\/sachikofullita.com\/index.php?rest_route=\/wp\/v2\/types\/page"}],"author":[{"embeddable":true,"href":"https:\/\/sachikofullita.com\/index.php?rest_route=\/wp\/v2\/users\/1"}],"replies":[{"embeddable":true,"href":"https:\/\/sachikofullita.com\/index.php?rest_route=%2Fwp%2Fv2%2Fcomments&post=284"}],"version-history":[{"count":60,"href":"https:\/\/sachikofullita.com\/index.php?rest_route=\/wp\/v2\/pages\/284\/revisions"}],"predecessor-version":[{"id":972,"href":"https:\/\/sachikofullita.com\/index.php?rest_route=\/wp\/v2\/pages\/284\/revisions\/972"}],"wp:attachment":[{"href":"https:\/\/sachikofullita.com\/index.php?rest_route=%2Fwp%2Fv2%2Fmedia&parent=284"}],"curies":[{"name":"wp","href":"https:\/\/api.w.org\/{rel}","templated":true}]}}

<p>[et_pb_section fb_built=»1&#8243; _builder_version=»4.16&#8243; custom_padding=»21px|0px|110px|||» global_colors_info=»{}»][et_pb_row _builder_version=»4.18.0&#8243; _module_preset=»default» width=»58.7%» custom_margin=»|515px||91px||» custom_padding=»|0px||||» global_colors_info=»{}»][et_pb_column type=»4_4&#8243; _builder_version=»4.18.0&#8243; _module_preset=»default» global_colors_info=»{}»][/et_pb_column][/et_pb_row][/et_pb_section][et_pb_section fb_built=»1&#8243; _builder_version=»4.18.0&#8243; _module_preset=»default» global_colors_info=»{}»][et_pb_row column_structure=»1_2,1_2&#8243; _builder_version=»4.18.0&#8243; _module_preset=»default» global_colors_info=»{}»][et_pb_column type=»1_2&#8243; _builder_version=»4.18.0&#8243; _module_preset=»default» global_colors_info=»{}»][et_pb_video src=»https://sachikofullita.com/wp-content/uploads/2025/08/SANAR-DANZANDO-flyer-agosto-1.mp4&#8243; _builder_version=»4.18.0&#8243; _module_preset=»default» global_colors_info=»{}»][/et_pb_video][/et_pb_column][et_pb_column type=»1_2&#8243; _builder_version=»4.18.0&#8243; _module_preset=»default» global_colors_info=»{}»][et_pb_text _builder_version=»4.18.0&#8243; _module_preset=»default» global_colors_info=»{}»]</p>
<div class="gmail_default">
<h3><strong>SANAR DANZANDO </strong></h3>
<p>DANZA – RESPIRACIÓN CONSCIENTE &#8211;  MOVIMIENTO &#8211;  BIOENERGÉTICA &#8211; ATENCIÓN PLENA</p>
<div dir="auto"><span class="OYPEnA font-feature-liga-off font-feature-clig-off font-feature-calt-off text-decoration-none text-strikethrough-none">En estas sesiones te invito a conectar con tu energía creativa.</span><span class="OYPEnA font-feature-liga-off font-feature-clig-off font-feature-calt-off text-decoration-none text-strikethrough-none white-space-prewrap"> </span><span class="OYPEnA font-feature-liga-off font-feature-clig-off font-feature-calt-off text-decoration-none text-strikethrough-none">A través de ejercicios de la bioenergética, la respiración consciente, el masaje, el movimiento, la danza y la atención plena, tanto de manera individual como colectivamente vamos a ayudar al cuerpo a liberarse de cargas para que puedas volver a sintonizar con tu esencia intuitiva, creatividad y expresión.</span></div>
<div dir="auto"></div>
<div dir="auto">No requiere experiencia.</div>
<div dir="auto"></div>
<div dir="auto">Próxima sesión &#8211; CUERPO FRACTAL</div>
<div dir="auto">
<p>Nuestro cuerpo, así como todos los elementos que componen nuestro planeta, se organiza a partir de patrones ondulatorios, curvos, elípticos o helicoidales. Nuestro cuerpo es un<span> </span><span class="il">fractal</span><span> </span>de este orden natural. Exploraremos el movimiento alineándonos a nuestra naturaleza, armonizando cuerpo, energía y mente.</p>
</div>
<div dir="auto"></div>
<div dir="auto"><strong>Cuándo:</strong></div>
<div dir="auto">Martes 19 &#8211; Cuerpo fractal</div>
<div dir="auto">De 19 a 21:30h</div>
<div dir="auto"></div>
<div dir="auto"><strong>Lugar:</strong> ENEstudio BCN, passatge  de Sant Antoni Abad, 11  Barcelona 08015  metro: Sant Antoni/ Urgell</div>
<div dir="auto"><strong>Precio: 35</strong>€ early bird: 30€ (hasta el 9/08)</div>
<div dir="auto">Reserva tu plaza ingresando 20 €</div>
<div dir="auto"><strong>en </strong><strong>Cuenta Triodos Bank: </strong>ES0314910001293000114405 o</div>
<div dir="auto"><span style="text-decoration: underline;"><strong>Bizum</strong></span> al 663732978</div>
<p><strong>Más información e inscripciones:</strong> sachikofullita@gmail.com ///  Whatsapp/ Telegram +34 663732978</p>
<p>Con muchas ganas de seguir compartiendo libertad a través del movmiento!!!</p>
</div>
<div class="gmail_default"></div>
<div class="gmail_default"></div>
<p>[/et_pb_text][/et_pb_column][/et_pb_row][/et_pb_section][et_pb_section fb_built=»1&#8243; _builder_version=»4.18.0&#8243; _module_preset=»default» global_colors_info=»{}»][et_pb_row _builder_version=»4.18.0&#8243; _module_preset=»default» global_colors_info=»{}»][et_pb_column type=»4_4&#8243; _builder_version=»4.18.0&#8243; _module_preset=»default» global_colors_info=»{}»][/et_pb_column][/et_pb_row][/et_pb_section]</p>

<p>SANAR DANZANDO  DANZA – RESPIRACIÓN CONSCIENTE &#8211;  MOVIMIENTO &#8211;  BIOENERGÉTICA &#8211; ATENCIÓN PLENA En estas sesiones te invito a conectar con tu energía creativa. A través de ejercicios de la bioenergética, la respiración consciente, el masaje, el movimiento, la danza y la atención plena, tanto de manera individual como colectivamente vamos a ayudar al cuerpo [&hellip;]</p>
